 -1)*n.
3
Suppose 9 + 26 = 5*o. Suppose -o*z + 38 = -5*z. What are the prime factors of z?
19
Let f(m) = -m**3 + 5*m**2 - 3*m. Let o be f(3). Let q(z) = -z**2 + 4*z - 1. Let y be q(3). Suppose -1 + o = y*p. List the prime factors of p.
2
Let r = 104 + -54. What are the prime factors of r?
2, 5
Suppose -3*w = w + 4*j + 8, 0 = -5*w - 3*j - 2. Let r(d) = -4*d - 1. Let l be r(-1). Suppose -w = l*t - 32. What are the prime factors of t?
2, 5
Let v(n) be the first derivative of 2*n**2 - 1/4*n**4 - 1 + n**3 + 3*n. List the prime factors of v(4).
3
Suppose 0 = -4*v - 5*b - 8, 2 + 4 = -2*v - 3*b. Suppose 0 = -0*a - v*a + 9. Suppose a*k = -2*k + 25. List the prime factors of k.
5
Suppose 2*w - 4*w + 5*m + 31 = 0, -2*w - 3*m - 9 = 0. List the prime factors of w/(6/32) + 3.
19
Let k be 6/4*16/6. Suppose -4*h - 43 = -4*s + h, -k*h - 5 = s. What are the prime factors of s?
7
Let t be (-580)/15 - 4/12. Let r = -9 - t. What are the prime factors of r?
2, 3, 5
Let j(r) = 34*r - 2. What are the prime factors of j(1)?
2
Suppose 3*s - 20 = -s, 0 = -4*z + 4*s + 8. Let w(n) be the first derivative of n**4/4 - 8*n**3/3 + 3*n**2 + 10*n + 2. What are the prime factors of w(z)?
3
Suppose 5*u + 5*c - 11 = 2*c, 5*c = 2*u - 23. Suppose 2*h - 2 - u = 0. List the prime factors of h.
3
Suppose 160 = -11*b + 1282. What are the prime factors of b?
2, 3, 17
Suppose 4*q - 44 - 28 = 0. What are the prime factors of q?
2, 3
Let h be 7 - 5 - (1 + -2). Let v = -2 + h. Let y = 10 - v. What are the prime factors of y?
3
Let k(d) = -d**3 + 7*d**2 - 8*d + 8. What are the prime factors of k(5)?
2, 3
Suppose 2*m - 1 = -3, m = -3*c + 8. Suppose 45 = c*s - 0. What are the prime factors of s?
3, 5
Suppose 5*s - 35 = -2*c, 2*s = -5*c + 7*s + 140. Suppose 0 = 2*k - c + 7. What are the prime factors of k?
3
Let b be (12/(-7))/((-6)/147). Let t = -26 + b. List the prime factors of t.
2
Let i(g) = g**3 - 4*g**2 - g + 3. Let z be i(4). Let d be 35 + (2/(-2) - z). Suppose -4*r = c - d, 5*r + 3*c - 1 - 48 = 0. List the prime factors of r.
2
Let t be 5 + -3 + (-2)/(-1). Suppose -t*z + 0 - 12 = 0. Let k = z - -10. What are the prime factors of k?
7
Suppose -5*d = -2*d - 105. List the prime factors of d.
5, 7
Let z be (9/2)/(6/16). Let c = 21 + -5. Suppose z = 4*m - c. List the prime factors of m.
7
Let d = 2 - 4. What are the prime factors of 12 + d + 3 + -2?
11
Suppose 2*q = -b - 6, 2*b = 2*q + 3*q + 15. Suppose -2*w - 4 = 3*t - b, 0 = -w - 5. List the prime factors of t.
2
Let q = 13 + -28. Let u = -8 - q. List the prime factors of u.
7
Let n be 192/36*(-3)/(-2). List the prime factors of ((-204)/(-8))/(4/n).
3, 17
Suppose -6*p = 76 - 292. List the prime factors of p.
2, 3
Let l = 7 - 5. Let p be l/(-6) + (-152)/12. Let i = p - -30. What are the prime factors of i?
17
Suppose -5*z = 5*d + 6 - 31, 0 = -5*z + 4*d + 16. What are the prime factors of 1/z + (-38)/(-8)?
5
Suppose v + 445 = 6*v. What are the prime factors of v?
89
Suppose 22 = 4*u + 2. Suppose -170 = -5*r - 0*i - u*i, 25 = -5*i. What are the prime factors of r?
3, 13
Suppose 3*o = 2*t - 446, -4*t - 7*o + 11*o = -892. What are the prime factors of t?
223
Let o = 3 - 6. What are the prime factors of (o + 27 + 2)/2?
13
Let m be (0 + -2)/((-4)/6). Suppose 0*x = 4*h + m*x - 8, -5*h - x = -21. List the prime factors of h.
5
Let v(x) = -33*x. Let j be v(2). Let d = -35 - j. List the prime factors of d.
31
Let p = -53 - -115. List the prime factors of p.
2, 31
Suppose -2*n = -4*n + 86. List the prime factors of n.
43
Suppose 16 = 4*j - 2*j. Let n(r) = 8*r + 5*r**3 - 2*r**3 - 8*r**2 + j - 2*r**3. What are the prime factors of n(7)?
3, 5
Suppose -12 = -3*c + c. Suppose k + 5 = 2*n, c*n - 5*n - 15 = -2*k. Suppose n*p - 45 = 2*p. What are the prime factors of p?
3, 5
Let i(z) = -z**3 + 2*z**2 + 2*z + 2. Let x be i(3). What are the prime factors of 17/1 - (0 - x)?
2
Suppose -5*a + 8*a - 102 = 0. What are the prime factors of a?
2, 17
Let h = 68 + -39. Suppose -2*x - 4*z + 35 = x, 0 = -5*z + 25. Suppose -2*l - 24 = -2*t - 2*t, -x*t = -2*l - h. What are the prime factors of t?
5
Suppose 4*n - 5*y - 1299 = 0, 2*n + y - 522 = 117. List the prime factors of n.
3, 107
List the prime factors of -5 + 0 + 665/5.
2
Suppose -6 = -3*a + a. Suppose -13 = a*n - 2*n. Let u = n + 21. List the prime factors of u.
2
Let m(g) = g**2 - 2*g + 1. Suppose 5*k + 5*z + 22 = k, -z = 2. Let v be m(k). What are the prime factors of v + -2 + (2 - 2)?
2, 7
Suppose 36*j = 30*j + 1266. What are the prime factors of j?
211
Suppose 280 = h - 2*j, 5*h + 3*j = 2*j + 1389. What are the prime factors of h?
2, 139
Let j be (1*-4)/((-1)/2). Suppose -2*x - 6 = -0*x. Let d = j + x. List the prime factors of d.
5
Let d be (-2)/8 - (-1530)/40. What are the prime factors of ((-1)/(-1))/1*d?
2, 19
Let o be 2 + -1 + -1 + 0. Let l be (o - 4/(-6))*3. Suppose -4*z + 44 = 2*d, z = l*z. List the prime factors of d.
2, 11
Let a = 3 + -1. Let k(n) = 9*n - 2. Let d be k(a). Let z = -11 + d. What are the prime factors of z?
5
Let v(c) = c + 4. Let m be v(-6). Let b = m - -1. What are the prime factors of b + ((-24)/(-3))/2?
3
Let a(v) = -8*v - 16. Suppose 5*z + 28 = z. What are the prime factors of a(z)?
2, 5
Let b be (16/3)/(10/15). Let y(q) = q**3 - 8*q**2 + 8*q - 6. List the prime factors of y(b).
2, 29
Suppose 4*t = -31 + 7. List the prime factors of (2/t)/(2/(-48)).
2
Suppose 0 = 3*a - 1 - 2. Let d = 4 + a. Suppose -40 - 45 = -d*p. What are the prime factors of p?
17
List the prime factors of 2 - (-7)/(42/4)*111.
2, 19
Let m be (-8)/(-6)*(0 + 18). Suppose -m = v - 3*v. What are the prime factors of 39/v - 1/4?
3
Suppose -6*p = q - 2*p - 25, -2*p = -q - 5. Suppose 0 = -q*r - 20 + 45. List the prime factors of r - (-1)/(-1)*2.
3
Let f(t) = t**3 - 11*t**2 - 12*t + 5. Let l be f(12). Suppose -l*j + 6*j = 4. Let p(u) = u**3 - 3*u**2 - u. List the prime factors of p(j).
2, 3
Let z(t) = 5*t**2 - 3*t. What are the prime factors of z(-3)?
2, 3
Let q(n) = 0*n**2 + 4*n + n**2 + n - 2. Let u be 3/1 - (5 + 4). What are the prime factors of q(u)?
2
List the prime factors of 1/(-2)*(-216 + -1 + -1).
109
Let f = -2 + 22. Suppose -2*i - f = -a - 7*i, -4*a = i - 61. List the prime factors of a.
3, 5
List the prime factors of 80/1 - (-18 + 22).
2, 19
Let t(o) be the second derivative of o**5/20 + 3*o**4/4 + o**3 - 11*o**2/2 - 5*o. What are the prime factors of t(-8)?
5
Suppose h = 81 + 16. What are the prime factors of h?
97
Let p = 16 - 10. List the prime factors of p.
2, 3
Let v(l) = -l**3 - 9*l**2 - 10*l + 5. Let p be v(-8). List the prime factors of p - (0/1 - -3).
2, 3
Suppose c - u - 2 = -c, 2*c - 2*u = 0. Suppose -3*f + 8 = -c*f. What are the prime factors of f?
2
Let v(q) be the third derivative of q**5/60 - 5*q**4/12 + 4*q**3/3 - 2*q**2. Let o be v(6). Let u = -11 - o. List the prime factors of u.
5
Let m be 3 - (1 - (1 + 2)). Let p(x) = -17*x**2 - 8*x + 3. Let t(a) = 11*a**2 + 5*a - 2. Let s(w) = m*p(w) + 8*t(w). What are the prime factors of s(-1)?
2
Let q(u) = u**2 + 4*u + 2. Let b be q(-4). Suppose 0 = -5*v + 3*j + 47, 0*v - j - 19 = -b*v. List the prime factors of v.
2, 5
Let z = 3 - 0. Suppose z + 3 = 2*t. Suppose 32 = 4*b + 3*o, -t = -2*b - 5*o - 1. List the prime factors of b.
11
Let f = 9 - 13. Let p be 26/8 + 1/f. Suppose 0 = -t + 4*d + 1, 3*t + p*d - 55 = 2*d. What are the prime factors of t?
17
Suppose 0*h + 2*h = 74. List the prime factors of h.
37
Let i = -1 + 11. Suppose 4*g - 2 + i = 0. What are the prime factors of 16/4 + g/(-2)?
5
Suppose -m - 5 = -3*u, -m + u + 0 = -3. Suppose 2*y + y + l - m = 0, -3*y + 4*l - 13 = 0. What are the prime factors of (y/1)/((-2)/(-12))?
2, 3
Let p(w) = 8*w**3 - w**2 - 2*w + 3. What are the prime factors of p(2)?
59
Suppose 18 = 2*p + p. Let v = 14 - p. List the prime factors of v.
2
Suppose 3*d + 17 = 2*j, 2*j = 3*d + 2*d + 11. Let s = 3 - -1. Let h = j - s. What are the prime factors of h?
3
Suppose -4*k + 4*i + 80 = 0, -3*k - 5*i = -23 - 21. Suppose 0 = 3*l - k + 3. What are the prime factors of l?
5
Let w be ((-92)/(-3))/(4/6). Suppose -11 = o - 5*z, 0 = -o - 3*o + 2*z + w. What are the prime factors of o?
2, 7
Suppose -4*d = -0*d - 2*f - 60, 54 = 2*d + 5*f. Let y = -2 + d. What are the prime factors of y?
3, 5
Let h be (2 + -3)*(-4 - -1). Suppose -4*q - 